{"id":9,"date":"2021-06-19T10:27:25","date_gmt":"2021-06-19T10:27:25","guid":{"rendered":"https:\/\/praxis-hochdoerffer.de\/praxis\/?page_id=9"},"modified":"2024-10-31T11:04:17","modified_gmt":"2024-10-31T10:04:17","slug":"kontakt","status":"publish","type":"page","link":"https:\/\/praxis-hochdoerffer.de\/praxis\/kontakt\/","title":{"rendered":"Kontakt"},"content":{"rendered":"\n<h2 class=\"wp-block-heading\" id=\"dr-rico-hochdorffer\">Dr. Rico Hochd\u00f6rffer<\/h2>\n\n\n\n<p>Offenbachweg 1, 76676 Graben-Neudorf<\/p>\n\n\n\n<figure id=\"digit\" class=\"wp-block-table\"><table><tbody><tr><td>E-Mail:<\/td><td> <p><a href=\"mailto:praxis@praxis-hochdoerffer.de\">praxis@praxis-hochdoerffer.de<\/a><\/p> <a href=\"https:\/\/praxis-hochdoerffer.de\/praxis\/kontakt\/security-mail\/\">Sicherheitsrichtlinie<\/a><\/td><\/tr><tr><td>Telefon:<\/td><td><a href=\"tel:+4972558142\">07255 8142<\/a><\/td><\/tr><tr><td>Fax:<\/td><td>07255 3357<\/td><\/tr><\/tbody><\/table><\/figure>\n\n\n\n<iframe loading=\"lazy\" scrolling=\"no\" marginheight=\"0\" marginwidth=\"0\" src=\"https:\/\/www.openstreetmap.org\/export\/embed.html?bbox=8.48136216402054%2C49.15160305578601%2C8.484044373035433%2C49.15283457668177&amp;layer=mapnik&amp;marker=49.152218820060725%2C8.482703268527985\" style=\"border: 1px solid black\" width=\"425\" height=\"350\" frameborder=\"0\"><\/iframe>\n\n\n\n<p class=\"has-text-align-center\"><a data-type=\"URL\" data-id=\"https:\/\/map.project-osrm.org\/?z=17&amp;center=49.152061%2C8.484449&amp;loc=49.152232%2C8.482740&amp;hl=de&amp;alt=0&amp;srv=0\" href=\"https:\/\/map.project-osrm.org\/?z=17&amp;center=49.152061%2C8.484449&amp;loc=49.152232%2C8.482740&amp;hl=de&amp;alt=0&amp;srv=0\" target=\"_blank\" rel=\"noreferrer noopener\">Routenplanung<\/a><\/p>\n\n\n\n<div style=\"height:108px\" aria-hidden=\"true\" class=\"wp-block-spacer\"><\/div>\n\n\n\n<h3 class=\"wp-block-heading\" id=\"anfragen-an-praxis\">Anfragen an Praxis<\/h3>\n\n\n\n<p>Was ben\u00f6tigen sie:<\/p>\n\n\n\n<ul class=\"wp-block-list\">\n<li><a href=\"https:\/\/praxis-hochdoerffer.de\/kontaktformulare\/rezept.php\">Rezepte<\/a><\/li>\n<\/ul>\n\n\n<style>.singular .entry-header {background-image: url(\"\/praxis\/wp-content\/uploads\/2022\/08\/20220806_133244_6.jpg\") !important;\/*IMG URL*\/}<\/style>\n\n\n\n<p>Besuchen sie die<a href=\"https:\/\/praxis-hochdoerffer.de\/praxis\/\"> Startseite f\u00fcr \u00d6ffnungszeiten und m\u00f6glichem Urlaub der Praxis<\/a><\/p>\n","protected":false},"excerpt":{"rendered":"<p>Dr. Rico Hochd\u00f6rffer Offenbachweg 1, 76676 Graben-Neudorf E-Mail: praxis@praxis-hochdoerffer.de Sicherheitsrichtlinie Telefon: 07255 8142 Fax: 07255 3357 Routenplanung Anfragen an Praxis Was ben\u00f6tigen sie: Besuchen sie die Startseite f\u00fcr \u00d6ffnungszeiten und m\u00f6glichem Urlaub der Praxis<\/p>\n","protected":false},"author":1,"featured_media":0,"parent":0,"menu_order":0,"comment_status":"closed","ping_status":"closed","template":"","meta":{"inline_featured_image":false,"footnotes":""},"class_list":["post-9","page","type-page","status-publish","hentry"],"yoast_head":"<!-- This site is optimized with the Yoast SEO plugin v27.4 - https:\/\/yoast.com\/product\/yoast-seo-wordpress\/ -->\n<title>Kontakt &#183; Praxis Hochd\u00f6rffer<\/title>\n<meta name=\"robots\" content=\"index, follow, max-snippet:-1, max-image-preview:large, max-video-preview:-1\" \/>\n<link rel=\"canonical\" href=\"https:\/\/praxis-hochdoerffer.de\/praxis\/kontakt\/\" \/>\n<meta property=\"og:locale\" content=\"de_DE\" \/>\n<meta property=\"og:type\" content=\"article\" \/>\n<meta property=\"og:title\" content=\"Kontakt &#183; Praxis Hochd\u00f6rffer\" \/>\n<meta property=\"og:description\" content=\"Dr. Rico Hochd\u00f6rffer Offenbachweg 1, 76676 Graben-Neudorf E-Mail: praxis@praxis-hochdoerffer.de Sicherheitsrichtlinie Telefon: 07255 8142 Fax: 07255 3357 Routenplanung Anfragen an Praxis Was ben\u00f6tigen sie: Besuchen sie die Startseite f\u00fcr \u00d6ffnungszeiten und m\u00f6glichem Urlaub der Praxis\" \/>\n<meta property=\"og:url\" content=\"https:\/\/praxis-hochdoerffer.de\/praxis\/kontakt\/\" \/>\n<meta property=\"og:site_name\" content=\"Praxis Hochd\u00f6rffer\" \/>\n<meta property=\"article:modified_time\" content=\"2024-10-31T10:04:17+00:00\" \/>\n<meta property=\"og:image\" content=\"https:\/\/praxis-hochdoerffer.de\/praxis\/wp-content\/uploads\/2021\/06\/cropped-iconh.png\" \/>\n\t<meta property=\"og:image:width\" content=\"512\" \/>\n\t<meta property=\"og:image:height\" content=\"512\" \/>\n\t<meta property=\"og:image:type\" content=\"image\/png\" \/>\n<meta name=\"twitter:card\" content=\"summary_large_image\" \/>\n<meta name=\"twitter:label1\" content=\"Gesch\u00e4tzte Lesezeit\" \/>\n\t<meta name=\"twitter:data1\" content=\"1\u00a0Minute\" \/>\n<script type=\"application\/ld+json\" class=\"yoast-schema-graph\">{\"@context\":\"https:\\\/\\\/schema.org\",\"@graph\":[{\"@type\":\"WebPage\",\"@id\":\"https:\\\/\\\/praxis-hochdoerffer.de\\\/praxis\\\/kontakt\\\/\",\"url\":\"https:\\\/\\\/praxis-hochdoerffer.de\\\/praxis\\\/kontakt\\\/\",\"name\":\"Kontakt &#183; Praxis Hochd\u00f6rffer\",\"isPartOf\":{\"@id\":\"https:\\\/\\\/praxis-hochdoerffer.de\\\/praxis\\\/#website\"},\"datePublished\":\"2021-06-19T10:27:25+00:00\",\"dateModified\":\"2024-10-31T10:04:17+00:00\",\"breadcrumb\":{\"@id\":\"https:\\\/\\\/praxis-hochdoerffer.de\\\/praxis\\\/kontakt\\\/#breadcrumb\"},\"inLanguage\":\"de\",\"potentialAction\":[{\"@type\":\"ReadAction\",\"target\":[\"https:\\\/\\\/praxis-hochdoerffer.de\\\/praxis\\\/kontakt\\\/\"]}]},{\"@type\":\"BreadcrumbList\",\"@id\":\"https:\\\/\\\/praxis-hochdoerffer.de\\\/praxis\\\/kontakt\\\/#breadcrumb\",\"itemListElement\":[{\"@type\":\"ListItem\",\"position\":1,\"name\":\"Startseite\",\"item\":\"https:\\\/\\\/praxis-hochdoerffer.de\\\/praxis\\\/\"},{\"@type\":\"ListItem\",\"position\":2,\"name\":\"Kontakt\"}]},{\"@type\":\"WebSite\",\"@id\":\"https:\\\/\\\/praxis-hochdoerffer.de\\\/praxis\\\/#website\",\"url\":\"https:\\\/\\\/praxis-hochdoerffer.de\\\/praxis\\\/\",\"name\":\"Praxis Hochd\u00f6rffer\",\"description\":\"Haus\u00e4rztlich internistische Praxis Hochd\u00f6rffer\",\"publisher\":{\"@id\":\"https:\\\/\\\/praxis-hochdoerffer.de\\\/praxis\\\/#organization\"},\"potentialAction\":[{\"@type\":\"SearchAction\",\"target\":{\"@type\":\"EntryPoint\",\"urlTemplate\":\"https:\\\/\\\/praxis-hochdoerffer.de\\\/praxis\\\/?s={search_term_string}\"},\"query-input\":{\"@type\":\"PropertyValueSpecification\",\"valueRequired\":true,\"valueName\":\"search_term_string\"}}],\"inLanguage\":\"de\"},{\"@type\":\"Organization\",\"@id\":\"https:\\\/\\\/praxis-hochdoerffer.de\\\/praxis\\\/#organization\",\"name\":\"Praxis Hochd\u00f6rffer\",\"url\":\"https:\\\/\\\/praxis-hochdoerffer.de\\\/praxis\\\/\",\"logo\":{\"@type\":\"ImageObject\",\"inLanguage\":\"de\",\"@id\":\"https:\\\/\\\/praxis-hochdoerffer.de\\\/praxis\\\/#\\\/schema\\\/logo\\\/image\\\/\",\"url\":\"https:\\\/\\\/praxis-hochdoerffer.de\\\/praxis\\\/wp-content\\\/uploads\\\/2021\\\/06\\\/cropped-iconh.png\",\"contentUrl\":\"https:\\\/\\\/praxis-hochdoerffer.de\\\/praxis\\\/wp-content\\\/uploads\\\/2021\\\/06\\\/cropped-iconh.png\",\"width\":512,\"height\":512,\"caption\":\"Praxis Hochd\u00f6rffer\"},\"image\":{\"@id\":\"https:\\\/\\\/praxis-hochdoerffer.de\\\/praxis\\\/#\\\/schema\\\/logo\\\/image\\\/\"}}]}<\/script>\n<!-- \/ Yoast SEO plugin. -->","yoast_head_json":{"title":"Kontakt &#183; Praxis Hochd\u00f6rffer","robots":{"index":"index","follow":"follow","max-snippet":"max-snippet:-1","max-image-preview":"max-image-preview:large","max-video-preview":"max-video-preview:-1"},"canonical":"https:\/\/praxis-hochdoerffer.de\/praxis\/kontakt\/","og_locale":"de_DE","og_type":"article","og_title":"Kontakt &#183; Praxis Hochd\u00f6rffer","og_description":"Dr. Rico Hochd\u00f6rffer Offenbachweg 1, 76676 Graben-Neudorf E-Mail: praxis@praxis-hochdoerffer.de Sicherheitsrichtlinie Telefon: 07255 8142 Fax: 07255 3357 Routenplanung Anfragen an Praxis Was ben\u00f6tigen sie: Besuchen sie die Startseite f\u00fcr \u00d6ffnungszeiten und m\u00f6glichem Urlaub der Praxis","og_url":"https:\/\/praxis-hochdoerffer.de\/praxis\/kontakt\/","og_site_name":"Praxis Hochd\u00f6rffer","article_modified_time":"2024-10-31T10:04:17+00:00","og_image":[{"width":512,"height":512,"url":"https:\/\/praxis-hochdoerffer.de\/praxis\/wp-content\/uploads\/2021\/06\/cropped-iconh.png","type":"image\/png"}],"twitter_card":"summary_large_image","twitter_misc":{"Gesch\u00e4tzte Lesezeit":"1\u00a0Minute"},"schema":{"@context":"https:\/\/schema.org","@graph":[{"@type":"WebPage","@id":"https:\/\/praxis-hochdoerffer.de\/praxis\/kontakt\/","url":"https:\/\/praxis-hochdoerffer.de\/praxis\/kontakt\/","name":"Kontakt &#183; Praxis Hochd\u00f6rffer","isPartOf":{"@id":"https:\/\/praxis-hochdoerffer.de\/praxis\/#website"},"datePublished":"2021-06-19T10:27:25+00:00","dateModified":"2024-10-31T10:04:17+00:00","breadcrumb":{"@id":"https:\/\/praxis-hochdoerffer.de\/praxis\/kontakt\/#breadcrumb"},"inLanguage":"de","potentialAction":[{"@type":"ReadAction","target":["https:\/\/praxis-hochdoerffer.de\/praxis\/kontakt\/"]}]},{"@type":"BreadcrumbList","@id":"https:\/\/praxis-hochdoerffer.de\/praxis\/kontakt\/#breadcrumb","itemListElement":[{"@type":"ListItem","position":1,"name":"Startseite","item":"https:\/\/praxis-hochdoerffer.de\/praxis\/"},{"@type":"ListItem","position":2,"name":"Kontakt"}]},{"@type":"WebSite","@id":"https:\/\/praxis-hochdoerffer.de\/praxis\/#website","url":"https:\/\/praxis-hochdoerffer.de\/praxis\/","name":"Praxis Hochd\u00f6rffer","description":"Haus\u00e4rztlich internistische Praxis Hochd\u00f6rffer","publisher":{"@id":"https:\/\/praxis-hochdoerffer.de\/praxis\/#organization"},"potentialAction":[{"@type":"SearchAction","target":{"@type":"EntryPoint","urlTemplate":"https:\/\/praxis-hochdoerffer.de\/praxis\/?s={search_term_string}"},"query-input":{"@type":"PropertyValueSpecification","valueRequired":true,"valueName":"search_term_string"}}],"inLanguage":"de"},{"@type":"Organization","@id":"https:\/\/praxis-hochdoerffer.de\/praxis\/#organization","name":"Praxis Hochd\u00f6rffer","url":"https:\/\/praxis-hochdoerffer.de\/praxis\/","logo":{"@type":"ImageObject","inLanguage":"de","@id":"https:\/\/praxis-hochdoerffer.de\/praxis\/#\/schema\/logo\/image\/","url":"https:\/\/praxis-hochdoerffer.de\/praxis\/wp-content\/uploads\/2021\/06\/cropped-iconh.png","contentUrl":"https:\/\/praxis-hochdoerffer.de\/praxis\/wp-content\/uploads\/2021\/06\/cropped-iconh.png","width":512,"height":512,"caption":"Praxis Hochd\u00f6rffer"},"image":{"@id":"https:\/\/praxis-hochdoerffer.de\/praxis\/#\/schema\/logo\/image\/"}}]}},"_links":{"self":[{"href":"https:\/\/praxis-hochdoerffer.de\/praxis\/wp-json\/wp\/v2\/pages\/9","targetHints":{"allow":["GET"]}}],"collection":[{"href":"https:\/\/praxis-hochdoerffer.de\/praxis\/wp-json\/wp\/v2\/pages"}],"about":[{"href":"https:\/\/praxis-hochdoerffer.de\/praxis\/wp-json\/wp\/v2\/types\/page"}],"author":[{"embeddable":true,"href":"https:\/\/praxis-hochdoerffer.de\/praxis\/wp-json\/wp\/v2\/users\/1"}],"replies":[{"embeddable":true,"href":"https:\/\/praxis-hochdoerffer.de\/praxis\/wp-json\/wp\/v2\/comments?post=9"}],"version-history":[{"count":83,"href":"https:\/\/praxis-hochdoerffer.de\/praxis\/wp-json\/wp\/v2\/pages\/9\/revisions"}],"predecessor-version":[{"id":1088,"href":"https:\/\/praxis-hochdoerffer.de\/praxis\/wp-json\/wp\/v2\/pages\/9\/revisions\/1088"}],"wp:attachment":[{"href":"https:\/\/praxis-hochdoerffer.de\/praxis\/wp-json\/wp\/v2\/media?parent=9"}],"curies":[{"name":"wp","href":"https:\/\/api.w.org\/{rel}","templated":true}]}}